15
Let t(c) = 2*c**2 - 16*c - 60. Calculate the remainder when t(-6) is divided by 37.
34
What is the remainder when (189/15)/(75/500) is divided by 32?
20
Let v(y) be the first derivative of -y**2 + 15*y + 12. Calculate the remainder when v(3) is divided by 7.
2
Let m = -42 + 38. What is the remainder when (-297)/m + 5/((-120)/(-18)) is divided by 26?
23
Suppose 0 = 28*z - 32*z + 112. Calculate the remainder when 1196/z - 2/(-7) is divided by 22.
21
Suppose 2*m - 16 - 96 = 0. Let f be 1/(-3) + 437/69. Suppose l = -2, f*l - 47 = -3*o + l. What is the remainder when m is divided by o?
18
Suppose 24 = 3*b + 6. Suppose -b*j = 2*j - 352. Suppose -g - 16 + j = 0. What is the remainder when g is divided by 16?
12
Suppose -2*x + 3 = -1. Let n(v) = -v**3 - 10*v**2 + 8*v + 10. Calculate the remainder when n(-11) is divided by (-45)/(-12)*x*2.
13
Let z(w) = -w + 2. Let l be ((-3)/(-6))/((-4)/(-8)). Let r be z(l). Suppose -14 = -5*h + r. What is the remainder when 11 is divided by h?
2
Suppose -5*v - 416 = -o - 0*v, -5*v = -3*o + 1298. Suppose 63 - o = -7*n. What is the remainder when n is divided by 14?
12
Suppose 2*d - 202 - 66 = 0. What is the remainder when d is divided by 119?
15
Let h = -12 + 20. Suppose h*n - 207 = -n. Calculate the remainder when 137 is divided by n.
22
Calculate the remainder when (525/20)/(-15)*-52 is divided by 50.
41
What is the remainder when (45/(-2))/(-3)*(-180)/(-54) is divided by 9?
7
Suppose 0 = 9*q - 4*q - 3*x - 223, -4*q = 4*x - 172. What is the remainder when q is divided by 47/3 + (-8)/12?
14
Let r = -132 + 154. What is the remainder when 436 is divided by r?
18
Let g = -30 - -51. Suppose 340 = 4*f + 4*o, 5*o + 397 = 5*f + 3*o. Calculate the remainder when f is divided by g.
18
Calculate the remainder when 67 is divided by -3 + 6 - (-12 + 30/5).
4
Suppose 5*i = -2*k + 3, 4*i = k - 5*k + 24. Let v(l) = l + 3. Let h be v(k). Let t = h - 10. Calculate the remainder when 5 is divided by t.
1
Suppose 3*q + 86 = 104. Calculate the remainder when q is divided by -3 + 2 - (-1 - 2).
0
Let h = 7 + 9. What is the remainder when h is divided by -1*15*(8 + (-215)/25)?
7
Let w(j) = 2*j**2 + 3*j. Suppose 2*c - 4*z = 2 + 6, 3 = 3*c - 3*z. Suppose 0 = -u, 2*d - 2*u - 2*u = 4. What is the remainder when w(c) is divided by d?
0
Suppose 54*k = -22*k + 1444. What is the remainder when 379 is divided by k?
18
Suppose 2*w + q = 180, -5*q = 4*w - 2*q - 356. What is the remainder when 2/(-5) - 214/(-10) is divided by w/8 - (3/2 - 1)?
10
Let o(c) = -4*c**3 + 25*c**2 + 19*c + 19. Let p(j) = -j**3 + 8*j**2 + 6*j + 6. Let y(u) = -2*o(u) + 7*p(u). Calculate the remainder when y(-5) is divided by 6.
3
Let k = 57 + -15. Let j be (-149)/(-6) - 1/(-6). Let i = j - 10. What is the remainder when k is divided by i?
12
Let r(l) = l**2 + 3*l - 22. Let u be r(-7). Suppose -7*y + 559 = u*y. Calculate the remainder when y is divided by 23.
20
Let k be 1776/20 - 2/(-10). Suppose -t = -34 + k. Let j = t + 93. What is the remainder when j is divided by 10?
8
Let l = -32 - -52. Suppose -2*r + 202 + 34 = 0. What is the remainder when r is divided by l?
18
Suppose 3 = -n - 3*t + 16, -5*t = 5*n - 35. Suppose -n*z + 8*z - 212 = 0. Calculate the remainder when z is divided by 18.
17
Let v(d) = d**3 - 8*d**2 + 7*d + 11. Let j be v(7). Calculate the remainder when 63 is divided by j*((-2 - -6) + -1).
30
Let x = 774 + -546. Suppose -18*q = -21*q + x. What is the remainder when q is divided by 13?
11
Calculate the remainder when 2 - (-3 - -13) - -153 is divided by 38.
31
Let p(a) be the first derivative of 3*a**2 - 17*a + 10. Calculate the remainder when p(9) is divided by 10.
7
Suppose -22*l + 1752 = -558. Calculate the remainder when l is divided by 53.
52
Let z(f) = -f**3 - 14*f**2 - 14*f - 5. Let y = 2 + -15. Calculate the remainder when 37 is divided by z(y).
5
Let s = -10 - -7. Let y = 2 - s. What is the remainder when 17 is divided by y?
2
Let b be 249/(-18) - (-2)/(-12). Let y = 20 - b. Suppose -r - r + 26 = 0. Calculate the remainder when y is divided by r.
8
Let c(h) = 24*h**2 + 22*h + 22. What is the remainder when 104 is divided by c(-1)?
8
Let q = 32 - 30. Suppose -15 = 5*g - 0, -q*i - 4*g + 90 = 0. Calculate the remainder when i is divided by 27.
24
Suppose -4*f + 2*g + 2 = -5*f, -4*f + 3*g + 47 = 0. Suppose 2*h + 4*u - 3*u - 64 = 0, -u = -5*h + 146. What is the remainder when h is divided by f?
6
Suppose 3*p - 2*p = 18. Suppose 0 = -3*k - 3, 5 + p = j - 2*k. Calculate the remainder when 83 is divided by j.
20
Let o = -209 - -401. Suppose -5*n + 5*l + 198 = -2, -5*n + 3*l = -o. Let h = 22 - 9. Calculate the remainder when n is divided by h.
10
Let i = -8 + 5. Let l = i + 9. Let x(v) = 2*v + 30. What is the remainder when x(-7) is divided by l?
4
Let z(a) = -a + 6. Let b be z(4). Let s(g) = 3*g**2 + g - 3. Calculate the remainder when 53 is divided by s(b).
9
Let n(h) = 4*h**3 - 3*h**2 + 3*h. Let s(q) = q**3 - 2*q**2 - q - 4. Let r be s(3). Suppose -3 = -r*a + 1. What is the remainder when n(a) is divided by 14?
12
Let t(p) = -p**3 + 12*p**2 + 1. Let x be t(12). What is the remainder when 11 is divided by (32/(-56))/(x/(-7))?
3
Let c be -1*(-1 + 2 + -9). Let s(q) = -q**3 + 8*q**2 + 6*q + 7. What is the remainder when s(c) is divided by 29?
26
Suppose -4*n - 440 = -4*r, 3*n + 374 = 5*r - 180. What is the remainder when r is divided by 43?
26
Let v = 3033 + -2980. What is the remainder when v is divided by 97/5 - (-8)/(-20)?
15
Let a = -7 - -3. What is the remainder when 52 is divided by -4 + (0 - (-17 - a))?
7
Let v = 43 + -18. What is the remainder when v is divided by 14?
11
Suppose 20*r = 2456 + 9644. Calculate the remainder when r is divided by 16.
13
Suppose -12*m + 5*m = -35. Suppose 0 = n - 3*x - 35, -m*n + 110 = 2*x + 20. What is the remainder when 76 is divided by n?
16
Let p = -1396 + 1721. What is the remainder when p is divided by 111?
103
Suppose -27 = -2*c + 3*s, -2*s - 48 = -5*c - s. Calculate the remainder when 25 is divided by c.
7
Let k(s) be the second derivative of 0 + 13/2*s**2 - 1/6*s**3 - 9*s. Calculate the remainder when k(-10) is divided by 8.
7
Let o = 17 + 150. Calculate the remainder when o is divided by 17.
14
Let y(n) = -n**2 + 6*n + 1. Let i be y(9). Let a = 35 - i. Let x(h) = -4*h + 92. Calculate the remainder when a is divided by x(15).
29
Suppose 3*z - 6*z = 234. What is the remainder when ((-7)/(-2) + -4)*z is divided by -6 + 13 + (0 - -3)?
9
Suppose -19*p = -18*p - 75. Calculate the remainder when p is divided by 26.
23
Let j = -9 + 19. Let b = 13 - 5. Suppose 0 = -0*a + 2*a - b. What is the remainder when j is divided by a?
2
Suppose -d - 3*a + 85 = -165, 0 = -3*a. Calculate the remainder when d is divided by 23.
20
Let x(t) = -2*t**3 + t**2 - t - 2. Let z be x(-1). Suppose -10 = -0*n + 2*n, 0 = z*v - 3*n - 163. Calculate the remainder when v is divided by 38.
36
Let p(z) = -z**3 + 4*z + 2319 - 4*z**2 - 2333 + 3*z**2. What is the remainder when p(-6) is divided by 13?
12
What is the remainder when 53 is divided by (30/(-45))/(4/(-174))?
24
Let z be (-6)/10 + -10*4/(-25). What is the remainder when 9/3*(-145)/(-5)*z is divided by 10?
7
Suppose 2*r + 0*r - 110 = 0. Suppose -1401 - 138 = -81*f. Calculate the remainder when r is divided by f.
17
Suppose -v + 1 + 0 = 0, -n + 9 = 3*v. Suppose q + 5 = -2*j - 2*q, j + 5*q = -n. What is the remainder when j/3 - 301/(-21) is divided by 4?
2
Suppose 452 = 3*o + 83. Let n = -97 + o. Calculate the remainder when 155 is divided by n.
25
Let q(o) be the second derivative of -o**5/20 - 3*o**4/4 - 11*o**3/6 - 5*o**2 - 18*o. Suppose 6*a + 40 = a. What is the remainder when 24 is divided by q(a)?
10
Suppose 0 = -26*h + 8*h + 630. Suppose -4*i - 28 = -0. Calculate the remainder when h is divided by (-61)/i + 6/21.
8
Suppose 3*s - 9 = -0*s. Suppose -5*o + 60 = 5*v, -s*v + 5*o - 20 = -4*v. What is the remainder when 8/5*35/2 is divided by v?
8
Let v(n) = 3*n - 2. Let b = -251 + 257. What is the remainder when v(3) is divided by b?
1
Let j(s) = -8*s - 53. Suppose l = 3*l - v + 22, -4*v = 4*l + 44. What is the remainder when j(l) is divided by 13?
9
Calculate the remainder when 1030/65 + (1 - 44/52) is divided by 15.
1
Suppose -2*g + 3*w + 853 = 0, 15*g - 20*g + 2143 = -4*w. What is the re